e t(-12). Let v be 50 + (-4)/(-8)*4. What is the greatest common divisor of j and v?
13
Suppose 0 = -c + 5*f + 12, 0 = 3*c - 4*f - 38 - 20. Let z = c + 10. Calculate the greatest common divisor of z and 80.
16
Suppose -20 = 2*a - 7*a. Suppose 8*r - 80 = 3*r - a*j, 4*r - 65 = -3*j. Calculate the greatest common factor of r and 100.
20
Let z(t) = 2*t**3 - 36*t**2 + 20. Let y be z(18). Calculate the highest common divisor of y and 170.
10
Suppose -4*k = 0, -k - 1603 = -2*g + 1321. What is the highest common factor of g and 86?
86
Suppose -115 = -5*q + 5*k, 4*q = -q + 2*k + 121. Suppose 66*m - 61*m = q. What is the greatest common divisor of 2 and m?
1
Let t(j) = j**2 + 28*j - 198. Let b be t(-38). What is the greatest common factor of b and 195?
13
Let z(l) = l**2 + 3*l - 8. Let t be z(-4). Let a be (t/(-12))/(3/63). Let c = 23 - a. Calculate the highest common divisor of 4 and c.
4
Suppose -7*y + 54 = -30. Suppose 4*t - y = t. Calculate the highest common divisor of 1 and t.
1
Suppose -2*y = -4*y + 354. Let m = y - 99. Calculate the greatest common divisor of m and 13.
13
Suppose -4*a + 231 = 3*k, -2*a + 7*k = 10*k - 123. What is the highest common factor of 288 and a?
18
Suppose -4*j + 305 = c, -5*c + c + 1150 = 2*j. What is the greatest common factor of 165 and c?
15
Let t be ((-20)/3)/((-1)/3). Let k = -44 - -39. Let z(b) = 6*b + 34. Let g be z(k). Calculate the greatest common factor of g and t.
4
Let p = -184 - -347. Suppose -2*g = -4*k + 3*k + p, -20 = 5*g. What is the greatest common divisor of k and 62?
31
Suppose 4*g = -4*z + 292, -4*z = 19*g - 14*g - 367. Calculate the greatest common factor of g and 75.
75
Let q(c) = c**3 - 35*c**2 - c + 43. Let n be q(35). Calculate the greatest common factor of n and 72.
8
Let u(s) = -s**3 + 36*s**2 + s - 32. Let l be u(36). Calculate the highest common factor of 26 and l.
2
Suppose -4*w = 0, 4*w = -4*b + 8 + 4. Let o = -153 - -345. Suppose -m + o = b*m. Calculate the highest common factor of m and 6.
6
Let q be -9 - -7 - (4 + 1). Let i be -3 - q - (-8 + 2). Calculate the greatest common factor of 70 and i.
10
Let p be (-123)/(-15) + (-3)/15. Let u be 2/p - (-291)/4. Suppose -4*v - 116 = -5*x - 16, -3*x + 5*v = -u. Calculate the greatest common factor of x and 64.
16
Suppose 4*p = -4*w + 49 - 5, 0 = w + 3*p - 15. Let f be -44*(w/6 + 55/(-10)). Calculate the greatest common factor of 16 and f.
16
Let l(z) = 10*z - 22. Let w be l(11). Let q(u) = u**3 - 2*u**2 - 1. Let x be q(3). What is the highest common factor of x and w?
8
Suppose -3*a - 88 = -14*a. Suppose j - 49 = -3*u, a*u - 3*u + 105 = 3*j. What is the greatest common divisor of 24 and j?
8
Let d = -18 - -23. Suppose d*y = y + 104. What is the greatest common factor of 13 and y?
13
Suppose -4*d + d = -9. Suppose 4*s - j = 3*j + 88, -2*s + d*j + 42 = 0. Let c be 2/3 - (1178/(-6) + 5). Calculate the greatest common divisor of s and c.
24
Suppose j = u - 350 - 79, 3*u + j - 1287 = 0. What is the greatest common factor of u and 33?
33
Suppose s = 4*s + 36. Let u be s/20 + (-623)/(-5). Calculate the highest common divisor of u and 31.
31
Let d = 1595 + 905. Calculate the greatest common factor of 20 and d.
20
Let p(k) = -79*k + 83*k - 2*k**2 + 4*k**2. Let y be p(-4). What is the greatest common factor of 16 and y?
16
Suppose 10*k = 866 - 26. What is the highest common divisor of k and 567?
21
Suppose 5*y = -2*f - 80, 4*f + 34 = -5*y + 2*y. Let c = y + 34. Suppose -4*q = q - 560. Calculate the greatest common divisor of q and c.
16
Let q(s) = -49*s - 230. Let v be q(-5). Let d be ((-5)/3)/((-1)/18). Calculate the greatest common factor of d and v.
15
Suppose 3358 = 5*w - u, -w + 303 + 377 = 4*u. Calculate the highest common factor of 480 and w.
96
Let x = 1 + 47. Suppose 2*k = -8 + x. Calculate the greatest common divisor of 80 and k.
20
Let k(g) = g**3 + 17*g**2 + 18*g + 53. Let s be k(-16). What is the highest common divisor of s and 231?
21
Let p(h) = -4*h**2 - 3*h. Let o be p(-2). Let j = 13 + o. Let y(k) = 2*k**2 + 10*k + 15. Let m be y(-5). What is the greatest common divisor of j and m?
3
Let h(i) = -i - 3. Let s be h(-4). Let b be ((-10)/(-25))/(s/105). What is the greatest common divisor of b and 6?
6
Let l = 8 - 7. Suppose 2*k = k + l, 151 = 5*g - 4*k. Calculate the greatest common factor of 124 and g.
31
Suppose 9333 + 4318 = 17*h. Calculate the highest common divisor of h and 73.
73
Let u(o) = 4*o + 52. Suppose 0 = 4*w + 4*g - 7*g - 32, w + 15 = -5*g. Let l be u(w). Calculate the greatest common divisor of 180 and l.
36
Suppose -3*j + 2633 = -l, 5*l = -3*j + 1502 + 1101. Calculate the highest common divisor of j and 12.
12
Let v(i) = -9*i + 4. Let q = -31 + 7. Let h = q + 20. Let l be v(h). Calculate the highest common factor of l and 10.
10
Let j(w) = -3*w + 60. Let t be j(19). Suppose 5*f - 272 = -3*a, -4*f - 232 = -t*a + f. What is the greatest common divisor of 12 and a?
12
Let k = -448 + 454. Calculate the greatest common factor of k and 150.
6
Let u be (-36036)/(-147) - 3/21. Calculate the highest common divisor of u and 5.
5
Let r(s) = -s**2 + 14*s - 5. Let l be r(7). Let x(z) = -14*z + z - 2 - l*z. Let f be x(-1). Calculate the greatest common factor of f and 11.
11
Let r be 2/(-11) + (4 - 45/55). Let d(y) = 4*y - 1. Let h be d(3). Let k = 16 + h. Calculate the greatest common factor of r and k.
3
Let j be (-18)/24 - 39/12. Let m(s) = -11*s - 8. Let b be m(j). Calculate the greatest common factor of 324 and b.
36
Let h(u) = -2*u + 5. Let g(y) = -5*y + 10. Let s(p) = 3*g(p) - 7*h(p). Let q be s(-11). Calculate the highest common factor of q and 48.
6
Let n be (2 + 44/(-10))*-5. Let p be 15 + 5 + -3*(-2)/(-3). What is the greatest common factor of p and n?
6
Suppose 0 = 6*y - 10*y + 2*i + 3126, 0 = 2*y - 5*i - 1559. Calculate the highest common factor of 68 and y.
34
Suppose -4*t + 39 + 9 = 0. Suppose -j - j = 3*f - t, f = j - 1. Let u = -233 + 242. What is the highest common factor of j and u?
3
Suppose 770*t - 16 = 769*t. What is the highest common factor of 16 and t?
16
Let a(v) = v**3 + 27*v**2 - 29*v - 14. Let j be a(-28). Calculate the greatest common factor of j and 322.
14
Let o = 18 + 43. Suppose 217 - o = 3*n. Let a = -21 + n. What is the greatest common factor of 155 and a?
31
Let s be 15*(-3)/(9/(-2)). Let j be (58/6)/((-10)/(-30)). Suppose 0 = 5*x + 4*y - j, -3*x + 5*x = -y + 11. What is the greatest common divisor of x and s?
5
Suppose 48 = 5*o + 12*z - 15*z, -o = -z - 8. Calculate the highest common divisor of o and 732.
12
Suppose 4*f + 19 - 67 = -k, 5*f = 2*k - 96. What is the greatest common divisor of 42 and k?
6
Suppose 0 = 9*q - 3479 - 4648. What is the greatest common divisor of 63 and q?
21
Let q be (5 - 4) + (-5 - -381). What is the highest common divisor of 13 and q?
13
Let z(i) = i**2 - 11*i - 118. Let c be z(-7). What is the greatest common factor of 8 and c?
8
Let k be ((-200)/6)/((-3)/18). Suppose 0*g - k = -4*g. Let l = -36 + 56. What is the greatest common divisor of g and l?
10
Let a = 96 + -95. Calculate the greatest common divisor of a and 4.
1
Suppose 0 = i - 2*i + 9. Suppose 11 = 4*c - i. Let x be ((-1)/c)/(4/(-20)). Calculate the greatest common factor of 7 and x.
1
Let b(p) = p**3 + p**2 - p + 100. Suppose 6*r = 10*r. Let x be b(r). Suppose 10*w - 9*w = x. Calculate the highest common factor of w and 25.
25
Suppose -2*q - 3 = 3*k + 12, -k - 5 = 4*q. Let n be q + 0 + (5 - 13). Let b be 5/(-15) + n/(-6). Calculate the highest common divisor of 4 and b.
1
Let u = 4 + 10. Suppose -8*d = -5*d - 6. What is the greatest common factor of u and d?
2
Suppose -56*a = -63*a + 3430. Calculate the highest common divisor of a and 175.
35
Suppose -4*a = 2*k - 8 - 4, 0 = 4*a. Suppose 12 = k*x - 2*x. Suppose 3*b + x*d = 153, 0*d + 3*d = -b + 43. Calculate the greatest common divisor of 11 and b.
11
Let z = 535 + -519. Calculate the greatest common divisor of z and 3.
1
Let j(y) = -y**3 + 49*y**2 - 90*y - 172. Let r be j(47). Calculate the highest common factor of 148 and r.
4
Suppose 2*j + 2*l - 230 = 0, -1 = -11*l + 10*l. Calculate the highest common factor of 152 and j.
38
Let x be ((-474)/(-553))/((-6)/(-112)). Suppose 5*z + 5*k = 30, 2*z - 4*z = -2*k - 20. Calculate the highest common factor of x and z.
